 108 = -4*x. What is the remainder when p is divided by u?
14
Let g(b) = b + 5. Suppose -5*z = 5*f + 25, -3*z - f + 3 = 8. Let o(i) = -i**3 + 3*i**2 + 7*i - 9. What is the remainder when g(z) is divided by o(4)?
2
What is the remainder when (83/(-2))/(1 - (-6)/(-4)) is divided by 14?
13
Calculate the remainder when 56/(-24)*54/(-4)*2 is divided by 34.
29
Suppose 0 = 2*d - p - 24, -p + 3*p = 4. Calculate the remainder when 45 is divided by d.
6
Let d(j) = -j**3 + 8*j**2 - 5*j + 3. Let x(i) = 5*i - 6. Calculate the remainder when x(11) is divided by d(7).
15
Let t = -41 + 71. Let w = t + -5. Let p(r) = -r**3 - 4*r**2 + 3*r - 1. Calculate the remainder when w is divided by p(-5).
7
Let r be 3/(-6) + (-15)/(-2). Suppose 2 = -c + r. Calculate the remainder when (46/c)/(3/15) is divided by 16.
14
Let y(v) = v**3 - 7*v**2 + 5*v - 5. Let t be y(6). Suppose b = -2*b + 75. Let g = b + t. Calculate the remainder when g is divided by 5.
4
Let c(g) = g**3 + 18*g**2 + 16*g - 11. What is the remainder when 8 is divided by c(-17)?
2
What is the remainder when (-15)/10*46/(-3) is divided by 6?
5
Let v = -2 - 5. Let x(t) = -3*t**2 + 2 - 2*t**2 - 2*t**2 - 2*t - t**3. What is the remainder when x(v) is divided by 9?
7
Suppose -g + 32 = -14. Let t(c) = -21*c - 1. Let r be t(1). Let k = 34 + r. Calculate the remainder when g is divided by k.
10
Let k(h) = -h + 7. Let y be k(4). Let j = 36 - y. What is the remainder when j is divided by 12?
9
Suppose -o - 5*z + 9 = 0, -76 - 12 = -2*o + 4*z. Calculate the remainder when o is divided by 4.
2
Let t be (-12)/(-54) - 2912/(-18). Suppose -13*q + 16*q - t = 0. What is the remainder when q is divided by 19?
16
Calculate the remainder when (18 - -1) + -4 - 0 is divided by 4.
3
Let b = -16 - -34. Calculate the remainder when 86 is divided by b.
14
Suppose -5*p = -20, f + p = -2*p + 48. Calculate the remainder when 105 is divided by f.
33
Let u(g) = 13*g**2 - 1 + g - 5*g**2 + 0. Calculate the remainder when 57 is divided by u(-2).
28
Let o(a) = a**2 - 2*a - a - 2*a + 9. Let i(t) = t + 20. Let j be i(-14). Calculate the remainder when 43 is divided by o(j).
13
Suppose 3*r - g = -13, 14 = -4*r - 0*r + 3*g. Let h(l) = l**3 - 3*l**2 + 2*l - 1. What is the remainder when h(3) is divided by (0 + 3)*r/(-5)?
2
Let d(b) = -54*b. Let t = 46 + -27. What is the remainder when d(-1) is divided by t?
16
Suppose 4*r + v = r + 32, 2*v = -3*r + 37. Suppose -6*t = -2*t - 104. What is the remainder when t is divided by r?
8
Suppose 6*w = 7*w - 26. Let x(r) = -r**2 - 5*r - 2. Let z be x(-3). Suppose -z*a + 2*i = -34, 3 = a - 2*i - 4. Calculate the remainder when w is divided by a.
8
Let n = 115 + -90. What is the remainder when n is divided by 16?
9
Let b(o) be the first derivative of -3*o**2/2 - 3*o - 2. What is the remainder when 33 is divided by b(-4)?
6
Suppose 9*s - 13*s + 824 = 0. Calculate the remainder when s is divided by 19.
16
Let c(y) = y**3 + 6*y**2 - 9*y - 10. Let k be c(-7). Let t = k + -3. Let u = t - -5. Calculate the remainder when 11 is divided by u.
5
Let h = 11 + -18. Let f = h + 7. Suppose f = -4*g - 0 + 4. Calculate the remainder when g is divided by 1.
0
Suppose 4*f - 9 - 3 = 0. Let i be (-1)/f*-8*21. Suppose -46 = -3*l + 2*b, b - i = -3*l + 5*b. Calculate the remainder when 35 is divided by l.
11
Let l = 13 - 6. Let s(b) = 3*b**2 + 10*b - 5. Let h(a) = 5*a**2 + 19*a - 10. Let q(v) = -4*h(v) + 7*s(v). Calculate the remainder when 35 is divided by q(l).
11
Suppose 5*i - 5 = 3*u + 6, -2*i = -5*u - 31. Let o = u + 6. Let b = o - -4. Calculate the remainder when 8 is divided by b.
2
Let t be -3 + 9 - 3 - 0. Calculate the remainder when -3 - (-12)/t - -39 is divided by 21.
19
Suppose -3*h + 118 = 7. Calculate the remainder when h is divided by 19.
18
Let i(k) be the first derivative of 11*k + 2 + 1/3*k**3 + 0*k**2. Calculate the remainder when 20 is divided by i(0).
9
Let c = -26 + 70. Calculate the remainder when c is divided by 12.
8
Let o(k) = 16*k - k**2 + 2*k**2 + 7 - 23*k. Let v(t) = t**3 + t**2 - 2*t + 1. What is the remainder when v(-2) is divided by o(6)?
0
Let w = -16 - -26. Suppose -w = b - 19. Calculate the remainder when 34 is divided by b.
7
Suppose -5*u - 131 = 4*s, -2*s + 11 = -u + 66. Let x = 18 - s. Suppose 1 - 7 = -3*p, 2*d = 3*p + 18. Calculate the remainder when x is divided by d.
11
Suppose 2*j = -j + 42. Calculate the remainder when ((-6)/(-4))/((-6)/(-160)) is divided by j.
12
What is the remainder when 11 is divided by (-1 + 0)/(5/(-15))?
2
Let g = -60 + 112. Calculate the remainder when g is divided by 14.
10
Let q(k) = -k**3 + 5*k**2 - 3*k - 4. Let l be q(3). Suppose -41 = -i - 2*c, -5*c = l*i - 90 - 90. What is the remainder when i is divided by 8?
7
Let h(p) = p**3 - 12*p**2 - 8*p + 9. Calculate the remainder when h(13) is divided by 15.
14
Let v = -9 + 15. What is the remainder when 9 is divided by v?
3
Let f(q) = -13*q - 2. Calculate the remainder when f(-3) is divided by (-39)/(-2)*((-48)/9 - -6).
11
Suppose -2 = 2*b, -3*b + 190 = 4*i - 79. Let m = -42 - -65. What is the remainder when i is divided by m?
22
Let x(u) be the second derivative of 1/12*u**4 + 0 - 3/2*u**2 + 0*u**3 - 2*u. What is the remainder when x(-3) is divided by 3?
0
Suppose -3*d - 33 + 3 = 0. Let i = d + 6. Let h = i + 6. What is the remainder when 6 is divided by h?
0
Suppose 162 = 4*a - 22. What is the remainder when 180 is divided by a?
42
Let i be (3 + -1)/(2/(-10)). Let n = i + 33. Calculate the remainder when n is divided by 8.
7
Let c be (-1 + 2)*(-3)/(-3). What is the remainder when c/(2*(-1)/(-26)) is divided by 7?
6
Let v = 352 - 184. What is the remainder when v is divided by 58?
52
Let r(w) = w**3 + 10*w**2 - 13*w - 1. Let s be r(-11). Suppose -s*j + 75 = -16*j. Suppose 0 = 4*b - 12 - 4. What is the remainder when j is divided by b?
3
Suppose 44*c - 36 = 42*c. What is the remainder when 47 is divided by c?
11
Suppose 2*g = 5*b - 237, 2*b + 3*g - g = 92. What is the remainder when b is divided by 8?
7
Suppose b - 55 = t + 3*t, 0 = -b + 2*t + 51. Suppose 4*w - 62 = 2*r, -r + 0*r = 2*w + 11. Let d = r - -37. What is the remainder when b is divided by d?
15
Suppose 7*p - 4*p = 81. Calculate the remainder when p is divided by 7.
6
Suppose 2*y + 2*o - 41 - 7 = 0, 5*y - 111 = -2*o. Let m be ((-2)/(-6))/(5/15). Let d(z) = 11*z**2 + z - 1. What is the remainder when y is divided by d(m)?
10
Let m(y) = -y**2 - 5*y + 8. Let w be m(-7). What is the remainder when w*(-4 + 20/(-12)) is divided by 9?
7
Let c(m) = m**3 + 5*m**2 + m + 1. Suppose t - 440 = -3*t. Let s = -72 + t. What is the remainder when s is divided by c(-4)?
12
Suppose 0 = 2*i - 0*i - 82. What is the remainder when i is divided by (-1 - -2)*(0 - -11)?
8
Let h(f) = f**2 - 1. Let p be h(1). Let k = 4 + p. What is the remainder when (-1 - -12) + -1 + 1 is divided by k?
3
Let l(c) = -2*c - 1. Let h be l(-2). Suppose -4*y + 3*y + 4*k = -53, h*y = -3*k + 204. What is the remainder when y is divided by 22?
21
Suppose -3*m = 2*m + 20. What is the remainder when 21 is divided by 30/2 - (-1 - m)?
9
Let m be (-1)/2*-2 - -17. Let y = m - 4. Let v = 16 + y. What is the remainder when v is divided by 16?
14
Let w(a) = -a + 8. Let j be w(-9). Let h = j - 9. Let s(v) = 3*v - 10. Calculate the remainder when 26 is divided by s(h).
12
Suppose 2*d - 2 - 8 = 0. Let k(v) = -2*v + 4. Let q be (-7)/1 - (-2 - 0). What is the remainder when k(q) is divided by d?
4
Suppose -h + 25 = 4*h. What is the remainder when 16 is divided by h?
1
What is the remainder when (16 + -15)/(2/28) is divided by 4?
2
Suppose 3*h = 6*h + 15, -25 = 2*u + 5*h. Suppose -o = -u*o - 2. Suppose 5*t + 4*z - 25 = 0, 3*t + 5*z = o*t + 5. What is the remainder when t is divided by 3?
2
Let j be 37/(-2)*(-11 + 9). Suppose 3*y = -y + 16. Suppose -f = y*c - j, 5*f - 128 = -2*c + c. What is the remainder when f is divided by 13?
12
Let f = -30 - -41. Suppose -2*h + 0*h + 28 = 0. Suppose -5*i + 20 = 5*j + 5, 0 = -3*j + 2*i + h. Calculate the remainder when f is divided by j.
3
Suppose -c + 65 = 5*x, 2*c + x = 6*c - 197. Calculate the remainder when c is divided by 18.
14
Calculate the remainder when 5 is divided by 14/(-21) - 28/(-6).
1
Let n(t) = 10*t**2 + t - 1. Let c be n(1). Suppose c = 2*h - 2. Suppose -2*d + 14 =